0 = x + 2*n + n + 15, 0 = -4*x + 4*n + 20. What is the units digit of (-2 - x)/(1/(-36))?
2
Let w be ((-494)/3)/((-20)/30). Suppose -3*x + 28 = w. Let r = x - -134. What is the units digit of r?
1
What is the units digit of -2*(-53*1/2 - 1)?
5
Let w(s) = -3*s**3 + 23*s**2 + 10*s - 13. Let b be w(8). Suppose -p + 324 = b*p. What is the tens digit of p?
8
What is the hundreds digit of 219584/384 - 2/(-12)?
5
Suppose -769 = -l - 249. What is the hundreds digit of l?
5
Suppose 4*a = -v + 9 - 34, v - 4*a - 15 = 0. What is the tens digit of (3 + v - -24) + 4 + -2?
2
Let b be 8/36 + (-64)/(-36). Suppose -b = 4*x - 38. Let q(p) = 4*p - 1. What is the tens digit of q(x)?
3
Suppose -i - 25 = 4*i, 5*i = 3*u - 31. Suppose 5*g - u*g + 2*a = 514, 0 = -5*a - 20. What is the units digit of g?
4
Suppose -15*a + 13*a + 46 = 0. Suppose 19*z - a*z + 704 = 0. What is the hundreds digit of z?
1
Suppose 18*d + 6*d = 40152. What is the tens digit of d?
7
Let c(v) = -v**2 - 5*v. Let y be c(-4). Suppose -u + 44 = -y*h, -h + 3*u - 2*u - 14 = 0. Let p = h + 33. What is the units digit of p?
3
Let b = -302 + 857. What is the tens digit of b?
5
What is the hundreds digit of (3/(-3))/(1/(-521)) + 6?
5
Let f = -54 + 113. What is the units digit of f - (6 + (1 - 4))?
6
Let y be 0 + (1011/9 - (-2)/(-6)). Suppose f = -21 + y. What is the units digit of f?
1
Let q be (2 + (2 - 4))/1. Suppose -j = p - 4*j - 60, q = 4*p + 4*j - 208. Let k = -15 + p. What is the units digit of k?
9
Let f(z) = -132*z + 35. What is the units digit of f(-5)?
5
Suppose 7*z = z + 12. Suppose 2*n = -z, 3*n - 198 - 215 = -2*d. What is the units digit of d?
8
Suppose -4*s + 1366 = 3*d, 2*s + 92 = -d + 550. What is the hundreds digit of d?
4
Suppose 48 = 14*n + 2*n. Suppose -o + n*i = -232, -208 = -o - 0*o - 3*i. What is the hundreds digit of o?
2
Let f be (-164)/(-24) + (-2)/(-12). What is the units digit of (1 - (0 - 0))*f?
7
What is the tens digit of 5982/16 - (-9)/72?
7
Suppose 0 = -2*l - 5*k - 6 + 30, l - 3 = 2*k. What is the tens digit of (-1)/(1/l*(-4)/76)?
3
Let o = -35 + 17. What is the tens digit of (-6476)/(-36) + (-2)/o?
8
What is the hundreds digit of (-4 + -1157)/(2 - 57/24)?
0
Let g(b) = -133*b. Let k = -48 + 46. What is the units digit of g(k)?
6
Let t(h) = h**2 + 6*h + 3. Let b be t(-3). What is the tens digit of (-4)/3*603/b?
3
Suppose -4*j - j + 155 = 0. Suppose -j + 1 = -3*v. What is the tens digit of v?
1
Let h be (4 + -7)*10/(-6). Suppose 119 = h*t + 19. What is the tens digit of t/15*(-333)/(-6)?
7
Suppose -9*q + 3307 = -77. What is the tens digit of q?
7
Let m(c) = 2*c + 9 - 2*c - 3*c - 27. What is the units digit of m(-18)?
6
Let j(p) = -346*p + 318. What is the thousands digit of j(-7)?
2
Let h = -356 - -670. Suppose 4*i + 4*s = 0, -i + 5*s + 8 - 38 = 0. What is the units digit of i/(-35) - h/(-7)?
5
Let g = -295 - -580. Suppose 6*n + 5*m = n + g, 4*m = -3*n + 174. What is the tens digit of n?
5
What is the units digit of (-2)/(16/24) - -517?
4
Let m = -8 + 11. Suppose -m*w - w = 0. Suppose -d = 2*t - 13, w*t + 8 = d - 3*t. What is the tens digit of d?
1
What is the units digit of 4/((-8)/2)*(-22 - 3824)?
6
Suppose -3*w + 20 = w. Suppose 6*l = w*l + 61. What is the units digit of l?
1
Let k = -15 - -8. Let r = 9 + k. Suppose 0 = -q - 2*v + 27, -v - 48 = -r*q + v. What is the tens digit of q?
2
Let d = -4736 - -8360. What is the thousands digit of d?
3
What is the tens digit of -2 - 11546/(-22) - (-82)/451?
2
Suppose 12*b + 1164 = 13*b. What is the thousands digit of b?
1
Let q(v) = -3*v**3 - 21*v**2 + 11*v + 10. Let c(m) = -m**3 - 10*m**2 + 5*m + 5. Let g(y) = -5*c(y) + 2*q(y). What is the tens digit of g(7)?
2
Suppose -1750 = 223*w - 224*w. What is the tens digit of w?
5
Suppose 5*d + 4*m = 7*d - 3438, 3*m = -4*d + 6909. What is the hundreds digit of d?
7
Suppose 25*y = 30*y. Suppose 7*r - 5*r - 90 = y. What is the tens digit of r?
4
Suppose -30 = 4*r + 5*b - 9, 0 = 5*b + 25. Let i = 4 - r. Suppose -i*q = -4*q + 3. What is the units digit of q?
3
Let r(g) = 5*g**2 - 23*g + 218. What is the tens digit of r(14)?
7
Let a = -3 + 33. Let f = 97 + -59. Suppose 2*s - f - a = 0. What is the tens digit of s?
3
Let a be 0 + 20 - (0 - 1). Let w = -19 + a. What is the units digit of (14/(-35))/(w/(-220))?
4
Suppose -2*t + 2745 = 2*o + 849, 0 = o + 5. What is the hundreds digit of t?
9
Let w = 370 - -255. What is the units digit of w?
5
Suppose 42*v = -c + 38*v + 4922, -v = -c + 4912. What is the thousands digit of c?
4
Let v = -54 - -54. Suppose v = -3*j - 32 + 566. What is the hundreds digit of j?
1
Let y be ((-36)/8)/((-6)/16). Suppose 10*v - y = 7*v. Suppose 0 = 10*w - v*w - 342. What is the tens digit of w?
5
Let w(q) = 318*q - 2. Let o be w(7). What is the units digit of 2/7 + o/56?
0
Suppose 0*z + 15 = -3*z. Let u be 122/10 + 1/z. What is the units digit of (-6)/5*(-320)/u?
2
Let g = 4 + -2. Suppose -g*n + 2*l + l - 83 = 0, 0 = -l + 1. Let r = n - -72. What is the tens digit of r?
3
Suppose -4*d = -0*l + 3*l + 1, 4*d - 5*l + 41 = 0. Let k(p) = -p**3 - 3*p**2 - 3. What is the tens digit of k(d)?
1
Let t be 12/8 - (-21)/2. Suppose 0 = -3*y + t, 250 + 126 = 4*k + 2*y. What is the tens digit of k?
9
Let o(w) = 0*w**2 - 9*w + 3*w**2 + w**3 + 7 - 14*w**2. What is the units digit of o(12)?
3
Suppose -4*q - 2*v = -1542, 3*q + q - v - 1545 = 0. What is the tens digit of q?
8
Let t = -175 - -220. What is the tens digit of t?
4
Suppose -5271 = 540*l - 547*l. What is the tens digit of l?
5
Let u be (-2)/(-5) + 1209/15. Let g = 82 + -48. Let q = u - g. What is the tens digit of q?
4
Suppose b = -b + 150. Let o be b/9 - 2/(-3). Suppose 12*n - o*n = 51. What is the tens digit of n?
1
Let w(a) = -2*a**3 + 13*a**2 + 5*a + 18. Let g(s) = -3*s**3 + 26*s**2 + 11*s + 36. Let i(q) = 3*g(q) - 5*w(q). What is the hundreds digit of i(-10)?
2
Let w(o) = 3*o**2 - 26*o + 17. What is the units digit of w(8)?
1
Let r(y) be the second derivative of -5*y**3/6 + 9*y**2/2 + 9*y. What is the units digit of r(-17)?
4
Let r = -943 + 1841. What is the units digit of r?
8
Suppose r - 2*k = -4*r + 28, -4*r = 2*k - 8. Suppose -r*v + 1 = -11. What is the units digit of (62/(-4))/(v/(-6))?
1
Let c = -81 + 117. What is the units digit of (-327)/(-21) - c/63?
5
Let i(m) = 3 + 23*m**2 - 35*m**2 - 25*m - m**3 - m**3. What is the tens digit of i(-6)?
5
Suppose -3*n = 2*x - 48, -x = 2*n - 3*n + 16. Suppose 21*m - 8*m = 5*m. Suppose m*f + n = 4*f. What is the units digit of f?
4
Let r = 10649 - 7535. What is the tens digit of r?
1
Let p be 2/(-17) - 144/(-68). Let i(r) = 7*r**2 + 3*r - 2. What is the units digit of i(p)?
2
Let t(v) be the third derivative of -v**4/8 + 10*v**3/3 + 12*v**2. What is the tens digit of t(-12)?
5
Suppose 5*k - 94 = -2*t, 2*t + 3*t = -2*k + 193. Let s = t + -1. What is the units digit of s?
6
Let n(u) = -u**3 + 28*u**2 - 10*u - 65. What is the hundreds digit of n(27)?
3
Suppose -3*c + 8082 - 3101 = 5*h, -2*h - c + 1992 = 0. What is the hundreds digit of h?
9
Let n be 10/(-14) - (-12)/(-42). Let m(v) = 7*v + 1. Let i be m(n). Let d(f) = -2*f - 6. What is the units digit of d(i)?
6
Let k = 12 + -18. Let m be 2*3*(-4)/k. Suppose 77 = m*r - 51. What is the units digit of r?
2
Suppose 70 = 5*l + 5*c, -59 = -4*l + 2*c + 27. Suppose 2*v - 15 = -w - 5, -5*v + l = w. Let i(z) = z**3 + 2. What is the tens digit of i(v)?
2
Let x = 34 + -27. Let u(q) = -2*q - 22. Let g(j) = j + 11. Let i(w) = x*g(w) + 3*u(w). What is the units digit of i(-6)?
5
Let x = -92 - -104. Suppose 10*p = 8*p - 2*r + 36, p - x = 5*r. What is the tens digit of p?
1
Suppose 3*c = 12, -4*s + 2*c + 11 = -1. Suppose -3*m + 3*o - 168 = 0, -4 + 0 = -2*o. What is the tens digit of s*(0 + m/(-15))?
1
Let v(i) = -i**2 + 15*i - 10. Let h be v(6). Let n = h + 43. What is the units digit of n?
7
Let z(h) = -2*h**3 - h**2 - h - 2. Let b be z(-2). Suppose 4 = -2*d + b. Suppose -5*p - 26 = -m - 301, -d*m + 20 = 0. What is the units digit of p?
6
Let b be (0 - -1)/(2/206). Suppose -4*d - 82 = v, -v + 2*d = 38 + 14. Let z = v + b. What is the units digit of z?
1
Let h = 307 + -143. Suppose -3*i = i - h. Suppose 0 = 3*s - 28 - i. What is the units digit of s?
3
Suppose -34*u = -m - 35*u + 155, -585 = -4*m + 3*u. What is the tens digit of m?
5
Let x = -209 - -45